{"id":235,"date":"2024-11-09T20:53:38","date_gmt":"2024-11-09T19:53:38","guid":{"rendered":"https:\/\/lcp-services.fr\/?page_id=235"},"modified":"2024-11-28T18:47:50","modified_gmt":"2024-11-28T17:47:50","slug":"economies-eau","status":"publish","type":"page","link":"https:\/\/lcp-services.fr\/index.php\/economies-eau\/","title":{"rendered":"Economies d&rsquo;eau"},"content":{"rendered":"\n<p>Il y a des ann\u00e9es pluvieuses, et des ann\u00e9es de s\u00e9cheresse. Pendant les premi\u00e8res, l&rsquo;\u00e9conomie d&rsquo;eau n&rsquo;est pas une priorit\u00e9, mais pendant la s\u00e9cheresse, on ne peut qu&rsquo;y penser. Dans les Alpes, l&rsquo;eau manquera plus vite que dans les plaines; o\u00f9 plusieurs cours d&rsquo;eau se concentrent. Les prix des abonnements et de l&rsquo;eau ne vont pas baisser non plus dans les ann\u00e9es \u00e0 venir&#8230; <strong>Alors que faire ?<\/strong><\/p>\n\n\n\n<h2 class=\"wp-block-heading\">Recyclage de l&rsquo;eau de la maison<\/h2>\n\n\n\n<div class=\"wp-block-media-text is-stacked-on-mobile\"><figure class=\"wp-block-media-text__media\"><img loading=\"lazy\" decoding=\"async\" width=\"1024\" height=\"661\" src=\"https:\/\/lcp-services.fr\/wp-content\/uploads\/2024\/11\/recyclage_eau_maison_isere-1024x661.jpg\" alt=\"\" class=\"wp-image-236 size-full\" srcset=\"https:\/\/lcp-services.fr\/wp-content\/uploads\/2024\/11\/recyclage_eau_maison_isere-1024x661.jpg 1024w, https:\/\/lcp-services.fr\/wp-content\/uploads\/2024\/11\/recyclage_eau_maison_isere-300x194.jpg 300w, https:\/\/lcp-services.fr\/wp-content\/uploads\/2024\/11\/recyclage_eau_maison_isere-768x496.jpg 768w, https:\/\/lcp-services.fr\/wp-content\/uploads\/2024\/11\/recyclage_eau_maison_isere-1536x992.jpg 1536w, https:\/\/lcp-services.fr\/wp-content\/uploads\/2024\/11\/recyclage_eau_maison_isere-2048x1323.jpg 2048w\" sizes=\"auto, (max-width: 1024px) 100vw, 1024px\" \/><\/figure><div class=\"wp-block-media-text__content\">\n<p>R\u00e9cup\u00e9rer l&rsquo;eau des lavabos et du bain pour tirer la chasse d&rsquo;eau ou laver son linge&#8230; c&rsquo;est ultra possible, et pour tous les budgets. Nous sommes installateurs officiels de plusieurs solutions de recyclage d&rsquo;eau grise.<\/p>\n<\/div><\/div>\n\n\n\n<div style=\"height:64px\" aria-hidden=\"true\" class=\"wp-block-spacer\"><\/div>\n\n\n\n<h2 class=\"wp-block-heading\">Quel appareil pour recycler l&rsquo;eau de la douche?<\/h2>\n\n\n\n<p>Il existe plusieurs appareils, dont un construit en France et un en Europe. Le principe est toujours le m\u00eame : l&rsquo;eau de la douche, des baignoires et des lavabos est achemin\u00e9e vers une citerne, dans laquelle la chasse d&rsquo;eau des toilettes vient pomper de l&rsquo;eau quand elle se remplit. Les diff\u00e9rences entre les appareils que nous installons r\u00e9sident dans le degr\u00e9 de sophistication, la contenance, le prix.<\/p>\n\n\n\n<div style=\"height:40px\" aria-hidden=\"true\" class=\"wp-block-spacer\"><\/div>\n\n\n\n<h3 class=\"wp-block-heading\">LA SOLUTION HI-TECH<\/h3>\n\n\n\n<div class=\"wp-block-media-text is-stacked-on-mobile is-vertically-aligned-center\" style=\"grid-template-columns:40% auto\" id=\"hydraloop-rhone-alpes\"><figure class=\"wp-block-media-text__media\"><img loading=\"lazy\" decoding=\"async\" width=\"1024\" height=\"576\" src=\"https:\/\/lcp-services.fr\/wp-content\/uploads\/2024\/11\/Hydraloop-Concealed-Premium-mountain-in-bathroom-1024x576.jpg\" alt=\"\" class=\"wp-image-254 size-full\" srcset=\"https:\/\/lcp-services.fr\/wp-content\/uploads\/2024\/11\/Hydraloop-Concealed-Premium-mountain-in-bathroom-1024x576.jpg 1024w, https:\/\/lcp-services.fr\/wp-content\/uploads\/2024\/11\/Hydraloop-Concealed-Premium-mountain-in-bathroom-300x169.jpg 300w, https:\/\/lcp-services.fr\/wp-content\/uploads\/2024\/11\/Hydraloop-Concealed-Premium-mountain-in-bathroom-768x432.jpg 768w, https:\/\/lcp-services.fr\/wp-content\/uploads\/2024\/11\/Hydraloop-Concealed-Premium-mountain-in-bathroom-1536x864.jpg 1536w, https:\/\/lcp-services.fr\/wp-content\/uploads\/2024\/11\/Hydraloop-Concealed-Premium-mountain-in-bathroom-2048x1152.jpg 2048w\" sizes=\"auto, (max-width: 1024px) 100vw, 1024px\" \/><\/figure><div class=\"wp-block-media-text__content\">\n<p><strong><a href=\"https:\/\/www.hydraloop.com\/fr\/\" target=\"_blank\" rel=\"noreferrer noopener\">Hydraloop<\/a><\/strong>, c&rsquo;est une solution intelligente et design que l&rsquo;on peut installer dans n&rsquo;importe quelle pi\u00e8ce de la maison. Connect\u00e9e, elle permet une intervention SAV et un contr\u00f4le de son fonctionnement \u00e0 distance. Autonettoyante, elle ne n\u00e9cessite aucune maintenance.<\/p>\n<\/div><\/div>\n\n\n\n<div style=\"height:29px\" aria-hidden=\"true\" class=\"wp-block-spacer\"><\/div>\n\n\n\n<h3 class=\"wp-block-heading has-text-align-right\">POUR SE LANCER<\/h3>\n\n\n\n<div class=\"wp-block-media-text has-media-on-the-right is-stacked-on-mobile\" style=\"grid-template-columns:auto 30%\" id=\"Wadi-installateur-rhone-alpes\"><div class=\"wp-block-media-text__content\">\n<div class=\"wp-block-group is-nowrap is-layout-flex wp-container-core-group-is-layout-6c531013 wp-block-group-is-layout-flex\">\n<p class=\"has-text-align-left\"><strong><a href=\"https:\/\/wadi.fr\/\" target=\"_blank\" rel=\"noreferrer noopener\">Wadi<\/a><\/strong> est une entreprise fran\u00e7aise qui ne fait pas moins que travailler avec les l\u00e9gislateurs pour poser les jalons du recyclage d&rsquo;eau grise dans notre pays. La solution est peu co\u00fbteuse, simple \u00e0 installer et vous donne en temps direct votre consommation d&rsquo;eau. <\/p>\n\n\n\n<p><\/p>\n<\/div>\n<\/div><figure class=\"wp-block-media-text__media\"><img loading=\"lazy\" decoding=\"async\" width=\"750\" height=\"439\" src=\"https:\/\/lcp-services.fr\/wp-content\/uploads\/2024\/11\/Screenshot-2024-11-28-at-18-40-10-40-deconomies-deau-avec-wadi-.png\" alt=\"\" class=\"wp-image-270 size-full\" srcset=\"https:\/\/lcp-services.fr\/wp-content\/uploads\/2024\/11\/Screenshot-2024-11-28-at-18-40-10-40-deconomies-deau-avec-wadi-.png 750w, https:\/\/lcp-services.fr\/wp-content\/uploads\/2024\/11\/Screenshot-2024-11-28-at-18-40-10-40-deconomies-deau-avec-wadi--300x176.png 300w\" sizes=\"auto, (max-width: 750px) 100vw, 750px\" \/><\/figure><\/div>\n\n\n\n<div class=\"wp-block-media-text has-media-on-the-right is-stacked-on-mobile\" style=\"grid-template-columns:auto 30%\" id=\"installateur-spareau-rhone-alpes\"><div class=\"wp-block-media-text__content\">\n<div class=\"wp-block-group is-nowrap is-layout-flex wp-container-core-group-is-layout-6c531013 wp-block-group-is-layout-flex\">\n<p class=\"has-text-align-left\"><strong><a href=\"https:\/\/www.spareau.fr\/\" target=\"_blank\" rel=\"noreferrer noopener\">Spareau<\/a><\/strong>, c&rsquo;est un syst\u00e8me compact et facile \u00e0 installer. Il permet une \u00e9conomie de 40% d&rsquo;eau et peut se brancher sur le r\u00e9seau g\u00e9n\u00e9ral en cas de p\u00e9nurie d&rsquo;eau grise. Il ne n\u00e9cessite qu&rsquo;un entretien, deux fois par an, facilement r\u00e9alisable par vous-m\u00eames.<\/p>\n\n\n\n<p><\/p>\n<\/div>\n<\/div><figure class=\"wp-block-media-text__media\"><img loading=\"lazy\" decoding=\"async\" width=\"600\" height=\"600\" src=\"https:\/\/lcp-services.fr\/wp-content\/uploads\/2024\/11\/graphique-spareau.jpg\" alt=\"\" class=\"wp-image-241 size-full\" srcset=\"https:\/\/lcp-services.fr\/wp-content\/uploads\/2024\/11\/graphique-spareau.jpg 600w, https:\/\/lcp-services.fr\/wp-content\/uploads\/2024\/11\/graphique-spareau-300x300.jpg 300w, https:\/\/lcp-services.fr\/wp-content\/uploads\/2024\/11\/graphique-spareau-150x150.jpg 150w\" sizes=\"auto, (max-width: 600px) 100vw, 600px\" \/><\/figure><\/div>\n\n\n\n<div style=\"height:37px\" aria-hidden=\"true\" class=\"wp-block-spacer\"><\/div>\n\n\n\n<h2 class=\"wp-block-heading\">Recyclage d&rsquo;eau en Rh\u00f4ne-Alpes<\/h2>\n\n\n\n<p>Nous nous d\u00e9pla\u00e7ons dans toute la r\u00e9gion Rh\u00f4ne-Alpes, et en PACA, pour installer votre syst\u00e8me de r\u00e9cup\u00e9ration d&rsquo;eaux grises. Nous vous conseillons aussi sur la meilleure configuration pour votre maison.<\/p>\n\n\n\n<p><a href=\"mailto:contact@lcp-services.fr\">Contactez-nous<\/a> pour discuter de votre projet !<\/p>\n\n\n\n<div style=\"height:100px\" aria-hidden=\"true\" class=\"wp-block-spacer\"><\/div>\n","protected":false},"excerpt":{"rendered":"<p>Il y a des ann\u00e9es pluvieuses, et des ann\u00e9es de s\u00e9cheresse. Pendant les premi\u00e8res, l&rsquo;\u00e9conomie d&rsquo;eau n&rsquo;est pas une priorit\u00e9, mais pendant la s\u00e9cheresse, on ne peut qu&rsquo;y penser. Dans les Alpes, l&rsquo;eau manquera plus vite que dans les plaines; o\u00f9 plusieurs cours d&rsquo;eau se concentrent. Les prix des abonnements [&hellip;]<\/p>\n","protected":false},"author":2,"featured_media":220,"parent":0,"menu_order":0,"comment_status":"closed","ping_status":"closed","template":"","meta":{"footnotes":""},"class_list":["post-235","page","type-page","status-publish","has-post-thumbnail","hentry"],"yoast_head":"<!-- This site is optimized with the Yoast SEO plugin v27.4 - https:\/\/yoast.com\/product\/yoast-seo-wordpress\/ -->\n<title>Economies d&#039;eau - LCP Services<\/title>\n<meta name=\"description\" content=\"Tirer la chasse avec l&#039;eau de la douche, c&#039;est possible. Installateur d&#039;appareils de recyclage des eaux grises en Rh\u00f4ne-Alpes et Nord PACA.\" \/>\n<meta name=\"robots\" content=\"index, follow, max-snippet:-1, max-image-preview:large, max-video-preview:-1\" \/>\n<link rel=\"canonical\" href=\"https:\/\/lcp-services.fr\/index.php\/economies-eau\/\" \/>\n<meta property=\"og:locale\" content=\"fr_FR\" \/>\n<meta property=\"og:type\" content=\"article\" \/>\n<meta property=\"og:title\" content=\"Economies d&#039;eau - LCP Services\" \/>\n<meta property=\"og:description\" content=\"Tirer la chasse avec l&#039;eau de la douche, c&#039;est possible. Installateur d&#039;appareils de recyclage des eaux grises en Rh\u00f4ne-Alpes et Nord PACA.\" \/>\n<meta property=\"og:url\" content=\"https:\/\/lcp-services.fr\/index.php\/economies-eau\/\" \/>\n<meta property=\"og:site_name\" content=\"LCP Services\" \/>\n<meta property=\"article:modified_time\" content=\"2024-11-28T17:47:50+00:00\" \/>\n<meta property=\"og:image\" content=\"https:\/\/lcp-services.fr\/wp-content\/uploads\/2024\/08\/recuperation-eau_isere.jpg\" \/>\n\t<meta property=\"og:image:width\" content=\"640\" \/>\n\t<meta property=\"og:image:height\" content=\"426\" \/>\n\t<meta property=\"og:image:type\" content=\"image\/jpeg\" \/>\n<meta name=\"twitter:card\" content=\"summary_large_image\" \/>\n<meta name=\"twitter:label1\" content=\"Dur\u00e9e de lecture estim\u00e9e\" \/>\n\t<meta name=\"twitter:data1\" content=\"3 minutes\" \/>\n<script type=\"application\/ld+json\" class=\"yoast-schema-graph\">{\"@context\":\"https:\\\/\\\/schema.org\",\"@graph\":[{\"@type\":\"WebPage\",\"@id\":\"https:\\\/\\\/lcp-services.fr\\\/index.php\\\/economies-eau\\\/\",\"url\":\"https:\\\/\\\/lcp-services.fr\\\/index.php\\\/economies-eau\\\/\",\"name\":\"Economies d'eau - LCP Services\",\"isPartOf\":{\"@id\":\"https:\\\/\\\/lcp-services.fr\\\/#website\"},\"primaryImageOfPage\":{\"@id\":\"https:\\\/\\\/lcp-services.fr\\\/index.php\\\/economies-eau\\\/#primaryimage\"},\"image\":{\"@id\":\"https:\\\/\\\/lcp-services.fr\\\/index.php\\\/economies-eau\\\/#primaryimage\"},\"thumbnailUrl\":\"https:\\\/\\\/lcp-services.fr\\\/wp-content\\\/uploads\\\/2024\\\/08\\\/recuperation-eau_isere.jpg\",\"datePublished\":\"2024-11-09T19:53:38+00:00\",\"dateModified\":\"2024-11-28T17:47:50+00:00\",\"description\":\"Tirer la chasse avec l'eau de la douche, c'est possible. Installateur d'appareils de recyclage des eaux grises en Rh\u00f4ne-Alpes et Nord PACA.\",\"breadcrumb\":{\"@id\":\"https:\\\/\\\/lcp-services.fr\\\/index.php\\\/economies-eau\\\/#breadcrumb\"},\"inLanguage\":\"fr-FR\",\"potentialAction\":[{\"@type\":\"ReadAction\",\"target\":[\"https:\\\/\\\/lcp-services.fr\\\/index.php\\\/economies-eau\\\/\"]}]},{\"@type\":\"ImageObject\",\"inLanguage\":\"fr-FR\",\"@id\":\"https:\\\/\\\/lcp-services.fr\\\/index.php\\\/economies-eau\\\/#primaryimage\",\"url\":\"https:\\\/\\\/lcp-services.fr\\\/wp-content\\\/uploads\\\/2024\\\/08\\\/recuperation-eau_isere.jpg\",\"contentUrl\":\"https:\\\/\\\/lcp-services.fr\\\/wp-content\\\/uploads\\\/2024\\\/08\\\/recuperation-eau_isere.jpg\",\"width\":640,\"height\":426},{\"@type\":\"BreadcrumbList\",\"@id\":\"https:\\\/\\\/lcp-services.fr\\\/index.php\\\/economies-eau\\\/#breadcrumb\",\"itemListElement\":[{\"@type\":\"ListItem\",\"position\":1,\"name\":\"Accueil\",\"item\":\"https:\\\/\\\/lcp-services.fr\\\/\"},{\"@type\":\"ListItem\",\"position\":2,\"name\":\"Economies d&rsquo;eau\"}]},{\"@type\":\"WebSite\",\"@id\":\"https:\\\/\\\/lcp-services.fr\\\/#website\",\"url\":\"https:\\\/\\\/lcp-services.fr\\\/\",\"name\":\"LCP Services\",\"description\":\"Plomberie Electricit\u00e9 \u00e0 la Mure, Matheysine, Tri\u00e8ves, Beaumont, Vizille, Vif\",\"publisher\":{\"@id\":\"https:\\\/\\\/lcp-services.fr\\\/#organization\"},\"potentialAction\":[{\"@type\":\"SearchAction\",\"target\":{\"@type\":\"EntryPoint\",\"urlTemplate\":\"https:\\\/\\\/lcp-services.fr\\\/?s={search_term_string}\"},\"query-input\":{\"@type\":\"PropertyValueSpecification\",\"valueRequired\":true,\"valueName\":\"search_term_string\"}}],\"inLanguage\":\"fr-FR\"},{\"@type\":\"Organization\",\"@id\":\"https:\\\/\\\/lcp-services.fr\\\/#organization\",\"name\":\"LCP Services\",\"url\":\"https:\\\/\\\/lcp-services.fr\\\/\",\"logo\":{\"@type\":\"ImageObject\",\"inLanguage\":\"fr-FR\",\"@id\":\"https:\\\/\\\/lcp-services.fr\\\/#\\\/schema\\\/logo\\\/image\\\/\",\"url\":\"https:\\\/\\\/lcp-services.fr\\\/wp-content\\\/uploads\\\/2024\\\/02\\\/cropped-logo.png\",\"contentUrl\":\"https:\\\/\\\/lcp-services.fr\\\/wp-content\\\/uploads\\\/2024\\\/02\\\/cropped-logo.png\",\"width\":792,\"height\":1115,\"caption\":\"LCP Services\"},\"image\":{\"@id\":\"https:\\\/\\\/lcp-services.fr\\\/#\\\/schema\\\/logo\\\/image\\\/\"}}]}<\/script>\n<!-- \/ Yoast SEO plugin. -->","yoast_head_json":{"title":"Economies d'eau - LCP Services","description":"Tirer la chasse avec l'eau de la douche, c'est possible. Installateur d'appareils de recyclage des eaux grises en Rh\u00f4ne-Alpes et Nord PACA.","robots":{"index":"index","follow":"follow","max-snippet":"max-snippet:-1","max-image-preview":"max-image-preview:large","max-video-preview":"max-video-preview:-1"},"canonical":"https:\/\/lcp-services.fr\/index.php\/economies-eau\/","og_locale":"fr_FR","og_type":"article","og_title":"Economies d'eau - LCP Services","og_description":"Tirer la chasse avec l'eau de la douche, c'est possible. Installateur d'appareils de recyclage des eaux grises en Rh\u00f4ne-Alpes et Nord PACA.","og_url":"https:\/\/lcp-services.fr\/index.php\/economies-eau\/","og_site_name":"LCP Services","article_modified_time":"2024-11-28T17:47:50+00:00","og_image":[{"width":640,"height":426,"url":"https:\/\/lcp-services.fr\/wp-content\/uploads\/2024\/08\/recuperation-eau_isere.jpg","type":"image\/jpeg"}],"twitter_card":"summary_large_image","twitter_misc":{"Dur\u00e9e de lecture estim\u00e9e":"3 minutes"},"schema":{"@context":"https:\/\/schema.org","@graph":[{"@type":"WebPage","@id":"https:\/\/lcp-services.fr\/index.php\/economies-eau\/","url":"https:\/\/lcp-services.fr\/index.php\/economies-eau\/","name":"Economies d'eau - LCP Services","isPartOf":{"@id":"https:\/\/lcp-services.fr\/#website"},"primaryImageOfPage":{"@id":"https:\/\/lcp-services.fr\/index.php\/economies-eau\/#primaryimage"},"image":{"@id":"https:\/\/lcp-services.fr\/index.php\/economies-eau\/#primaryimage"},"thumbnailUrl":"https:\/\/lcp-services.fr\/wp-content\/uploads\/2024\/08\/recuperation-eau_isere.jpg","datePublished":"2024-11-09T19:53:38+00:00","dateModified":"2024-11-28T17:47:50+00:00","description":"Tirer la chasse avec l'eau de la douche, c'est possible. Installateur d'appareils de recyclage des eaux grises en Rh\u00f4ne-Alpes et Nord PACA.","breadcrumb":{"@id":"https:\/\/lcp-services.fr\/index.php\/economies-eau\/#breadcrumb"},"inLanguage":"fr-FR","potentialAction":[{"@type":"ReadAction","target":["https:\/\/lcp-services.fr\/index.php\/economies-eau\/"]}]},{"@type":"ImageObject","inLanguage":"fr-FR","@id":"https:\/\/lcp-services.fr\/index.php\/economies-eau\/#primaryimage","url":"https:\/\/lcp-services.fr\/wp-content\/uploads\/2024\/08\/recuperation-eau_isere.jpg","contentUrl":"https:\/\/lcp-services.fr\/wp-content\/uploads\/2024\/08\/recuperation-eau_isere.jpg","width":640,"height":426},{"@type":"BreadcrumbList","@id":"https:\/\/lcp-services.fr\/index.php\/economies-eau\/#breadcrumb","itemListElement":[{"@type":"ListItem","position":1,"name":"Accueil","item":"https:\/\/lcp-services.fr\/"},{"@type":"ListItem","position":2,"name":"Economies d&rsquo;eau"}]},{"@type":"WebSite","@id":"https:\/\/lcp-services.fr\/#website","url":"https:\/\/lcp-services.fr\/","name":"LCP Services","description":"Plomberie Electricit\u00e9 \u00e0 la Mure, Matheysine, Tri\u00e8ves, Beaumont, Vizille, Vif","publisher":{"@id":"https:\/\/lcp-services.fr\/#organization"},"potentialAction":[{"@type":"SearchAction","target":{"@type":"EntryPoint","urlTemplate":"https:\/\/lcp-services.fr\/?s={search_term_string}"},"query-input":{"@type":"PropertyValueSpecification","valueRequired":true,"valueName":"search_term_string"}}],"inLanguage":"fr-FR"},{"@type":"Organization","@id":"https:\/\/lcp-services.fr\/#organization","name":"LCP Services","url":"https:\/\/lcp-services.fr\/","logo":{"@type":"ImageObject","inLanguage":"fr-FR","@id":"https:\/\/lcp-services.fr\/#\/schema\/logo\/image\/","url":"https:\/\/lcp-services.fr\/wp-content\/uploads\/2024\/02\/cropped-logo.png","contentUrl":"https:\/\/lcp-services.fr\/wp-content\/uploads\/2024\/02\/cropped-logo.png","width":792,"height":1115,"caption":"LCP Services"},"image":{"@id":"https:\/\/lcp-services.fr\/#\/schema\/logo\/image\/"}}]}},"_links":{"self":[{"href":"https:\/\/lcp-services.fr\/index.php\/wp-json\/wp\/v2\/pages\/235","targetHints":{"allow":["GET"]}}],"collection":[{"href":"https:\/\/lcp-services.fr\/index.php\/wp-json\/wp\/v2\/pages"}],"about":[{"href":"https:\/\/lcp-services.fr\/index.php\/wp-json\/wp\/v2\/types\/page"}],"author":[{"embeddable":true,"href":"https:\/\/lcp-services.fr\/index.php\/wp-json\/wp\/v2\/users\/2"}],"replies":[{"embeddable":true,"href":"https:\/\/lcp-services.fr\/index.php\/wp-json\/wp\/v2\/comments?post=235"}],"version-history":[{"count":13,"href":"https:\/\/lcp-services.fr\/index.php\/wp-json\/wp\/v2\/pages\/235\/revisions"}],"predecessor-version":[{"id":273,"href":"https:\/\/lcp-services.fr\/index.php\/wp-json\/wp\/v2\/pages\/235\/revisions\/273"}],"wp:featuredmedia":[{"embeddable":true,"href":"https:\/\/lcp-services.fr\/index.php\/wp-json\/wp\/v2\/media\/220"}],"wp:attachment":[{"href":"https:\/\/lcp-services.fr\/index.php\/wp-json\/wp\/v2\/media?parent=235"}],"curies":[{"name":"wp","href":"https:\/\/api.w.org\/{rel}","templated":true}]}}